{"id":2968,"date":"2025-09-29T12:46:58","date_gmt":"2025-09-29T10:46:58","guid":{"rendered":"http:\/\/www.soli-bischberg.de\/?page_id=2968"},"modified":"2025-09-29T12:46:58","modified_gmt":"2025-09-29T10:46:58","slug":"was-solltest-du-mitbringen-um-erfolgreich-in-diesem-sport-zu-sein","status":"publish","type":"page","link":"https:\/\/www.soli-bischberg.de\/?page_id=2968","title":{"rendered":"Was solltest du mitbringen um erfolgreich in diesem Sport zu sein?"},"content":{"rendered":"\n<p>Radball ist ein faszinierender und technisch anspruchsvoller Sport, der nicht nur k\u00f6rperliche Fitness, sondern auch taktisches Denken und Teamarbeit erfordert.<\/p>\n\n\n\n<p>Hier sind die wichtigsten Eigenschaften und F\u00e4higkeiten, die ein erfolgreicher Radballspieler mitbringen sollte:<\/p>\n\n\n\n<hr class=\"wp-block-separator has-alpha-channel-opacity\"\/>\n\n\n\n<h3 class=\"wp-block-heading has-text-align-center\"><span style=\"color: #0000ff;\">Technisches K\u00f6nnen<\/span><\/h3>\n\n\n\n<ul class=\"wp-block-list\">\n<li><strong>Fahrradbeherrschung:<\/strong> Radball wird auf speziellen R\u00e4dern ohne Bremsen und mit starrem Gang gespielt. Spieler m\u00fcssen das Rad pr\u00e4zise steuern, r\u00fcckw\u00e4rts fahren und auf engem Raum man\u00f6vrieren.<\/li>\n\n\n\n<li><strong>Ballkontrolle:<\/strong> Der Ball wird mit dem Rad oder dem K\u00f6rper gespielt \u2013 pr\u00e4zises Schie\u00dfen, Passen und Stoppen sind essenziell.<\/li>\n\n\n\n<li><strong>Koordination:<\/strong> Die Kombination aus Radfahren und Ballspiel erfordert au\u00dfergew\u00f6hnliche Hand-Fu\u00df-Auge-Koordination.<\/li>\n<\/ul>\n\n\n\n<hr class=\"wp-block-separator has-alpha-channel-opacity\"\/>\n\n\n\n<h3 class=\"wp-block-heading has-text-align-center\"><span style=\"color: #0000ff;\">Mentale St\u00e4rke<\/span><\/h3>\n\n\n\n<ul class=\"wp-block-list\">\n<li><strong>Spielintelligenz:<\/strong> Taktisches Verst\u00e4ndnis, vorausschauendes Denken und schnelle Entscheidungen sind entscheidend.<\/li>\n\n\n\n<li><strong>Konzentration:<\/strong> Ein Radballspiel ist intensiv und schnell \u2013 Ablenkung kann sofort zu Gegentoren f\u00fchren.<\/li>\n\n\n\n<li><strong>Reaktionsf\u00e4higkeit:<\/strong> Schnelle Richtungswechsel und spontane Aktionen sind an der Tagesordnung.<\/li>\n<\/ul>\n\n\n\n<hr class=\"wp-block-separator has-alpha-channel-opacity\"\/>\n\n\n\n<h3 class=\"wp-block-heading has-text-align-center\"><span style=\"color: #0000ff;\">K\u00f6rperliche Voraussetzungen<\/span><\/h3>\n\n\n\n<ul class=\"wp-block-list\">\n<li><strong>Kondition und Ausdauer:<\/strong> Auch wenn das Spielfeld klein ist, ist die Belastung hoch \u2013 besonders bei Turnieren mit mehreren Spielen.<\/li>\n\n\n\n<li><strong>Kraft und Stabilit\u00e4t:<\/strong> F\u00fcr Zweik\u00e4mpfe, Sch\u00fcsse und das Halten der Position auf dem Rad.<\/li>\n\n\n\n<li><strong>Beweglichkeit:<\/strong> Um blitzschnell zu reagieren und sich auf dem Rad zu drehen oder zu kippen.<\/li>\n<\/ul>\n\n\n\n<hr class=\"wp-block-separator has-alpha-channel-opacity\"\/>\n\n\n\n<h3 class=\"wp-block-heading has-text-align-center\"><span style=\"color: #0000ff;\">Teamf\u00e4higkeit<\/span><\/h3>\n\n\n\n<ul class=\"wp-block-list\">\n<li><strong>Kommunikation:<\/strong> Radball wird im Zweierteam gespielt \u2013 klare Absprachen und nonverbale Kommunikation sind entscheidend.<\/li>\n\n\n\n<li><strong>Vertrauen:<\/strong> Jeder muss sich auf den anderen verlassen k\u00f6nnen \u2013 besonders in der Defensive.<\/li>\n<\/ul>\n\n\n\n<hr class=\"wp-block-separator has-alpha-channel-opacity\"\/>\n\n\n\n<h3 class=\"wp-block-heading has-text-align-center\"><span style=\"color: #0000ff;\">Ehrgeiz und Trainingsdisziplin<\/span><\/h3>\n\n\n\n<ul class=\"wp-block-list\">\n<li><strong>Regelm\u00e4\u00dfiges Training:<\/strong> Technik, Taktik und Fitness m\u00fcssen st\u00e4ndig verbessert werden.<\/li>\n\n\n\n<li><strong>Wettkampferfahrung:<\/strong> Spielpraxis ist durch nichts zu ersetzen \u2013 je mehr Turniere, desto besser.<\/li>\n\n\n\n<li><strong>Lernbereitschaft:<\/strong> Erfolgreiche Spieler analysieren ihre Spiele, lernen aus Fehlern und entwickeln sich weiter.<\/li>\n<\/ul>\n\n\n\n<figure class=\"wp-block-embed is-type-video is-provider-youtube wp-block-embed-youtube wp-embed-aspect-16-9 wp-has-aspect-ratio\" style=\"margin-top:var(--wp--preset--spacing--30);margin-right:var(--wp--preset--spacing--30);margin-bottom:var(--wp--preset--spacing--30);margin-left:var(--wp--preset--spacing--30)\"><div class=\"wp-block-embed__wrapper\">\n<iframe loading=\"lazy\" title=\"[Radball WM-2024] GER-AUT [FINAL]\" width=\"640\" height=\"360\" src=\"https:\/\/www.youtube.com\/embed\/FXQNzHk13Ko?feature=oembed\" frameborder=\"0\" allow=\"accelerometer; autoplay; clipboard-write; encrypted-media; gyroscope; picture-in-picture; web-share\" referrerpolicy=\"strict-origin-when-cross-origin\" allowfullscreen><\/iframe>\n<\/div><\/figure>\n","protected":false},"excerpt":{"rendered":"<p>Radball ist ein faszinierender und technisch anspruchsvoller Sport, der nicht nur k\u00f6rperliche Fitness, sondern auch&#8230;<\/p>\n","protected":false},"author":1,"featured_media":0,"parent":3059,"menu_order":0,"comment_status":"closed","ping_status":"closed","template":"","meta":{"footnotes":""},"class_list":["post-2968","page","type-page","status-publish","hentry"],"_links":{"self":[{"href":"https:\/\/www.soli-bischberg.de\/index.php?rest_route=\/wp\/v2\/pages\/2968","targetHints":{"allow":["GET"]}}],"collection":[{"href":"https:\/\/www.soli-bischberg.de\/index.php?rest_route=\/wp\/v2\/pages"}],"about":[{"href":"https:\/\/www.soli-bischberg.de\/index.php?rest_route=\/wp\/v2\/types\/page"}],"author":[{"embeddable":true,"href":"https:\/\/www.soli-bischberg.de\/index.php?rest_route=\/wp\/v2\/users\/1"}],"replies":[{"embeddable":true,"href":"https:\/\/www.soli-bischberg.de\/index.php?rest_route=%2Fwp%2Fv2%2Fcomments&post=2968"}],"version-history":[{"count":0,"href":"https:\/\/www.soli-bischberg.de\/index.php?rest_route=\/wp\/v2\/pages\/2968\/revisions"}],"up":[{"embeddable":true,"href":"https:\/\/www.soli-bischberg.de\/index.php?rest_route=\/wp\/v2\/pages\/3059"}],"wp:attachment":[{"href":"https:\/\/www.soli-bischberg.de\/index.php?rest_route=%2Fwp%2Fv2%2Fmedia&parent=2968"}],"curies":[{"name":"wp","href":"https:\/\/api.w.org\/{rel}","templated":true}]}}