{"id":2896,"date":"2025-09-28T20:11:49","date_gmt":"2025-09-28T18:11:49","guid":{"rendered":"http:\/\/www.soli-bischberg.de\/?page_id=2896"},"modified":"2025-12-04T09:32:21","modified_gmt":"2025-12-04T07:32:21","slug":"das-teamspiel-bei-radball-zusammenspiel-auf-engen-raum","status":"publish","type":"page","link":"https:\/\/www.soli-bischberg.de\/?page_id=2896","title":{"rendered":"Das Teamspiel bei Radball \u2013 Zusammenspiel auf engen Raum"},"content":{"rendered":"\n<p>Das Teamspiel im Radball ist <strong>zentral f\u00fcr den Erfolg<\/strong> \u2013 obwohl nur <strong>zwei Spieler pro Team<\/strong> auf dem Feld stehen, sind <strong>Zusammenspiel, Kommunikation und taktisches Verst\u00e4ndnis<\/strong> enorm wichtig. Hier ein \u00dcberblick \u00fcber die wichtigsten Aspekte des Teamspiels im Radball:<\/p>\n\n\n\n<hr class=\"wp-block-separator has-alpha-channel-opacity\"\/>\n\n\n\n<h3 class=\"wp-block-heading alignfull has-text-align-center\"><span style=\"color: #0000ff;\">Zwei-Spieler-Teams<\/span><\/h3>\n\n\n\n<p>Jedes Team besteht aus genau <strong>zwei Spielern<\/strong>:<\/p>\n\n\n\n<ul class=\"wp-block-list\">\n<li>Dabei gibt es einen Torwart und einen Au\u00dfenspieler. Diese k\u00f6nnen aber im Spiel auch fliegend die Positionen wechseln.<\/li>\n\n\n\n<li>Beide m\u00fcssen <strong>abwechselnd angreifen und verteidigen<\/strong>, je nach Spielsituation.<\/li>\n<\/ul>\n\n\n\n<hr class=\"wp-block-separator has-alpha-channel-opacity\"\/>\n\n\n\n<h3 class=\"wp-block-heading has-text-align-center\"><span style=\"color: #0000ff;\">Dynamische Rollenverteilung<\/span><\/h3>\n\n\n\n<p>Die Rollen wechseln st\u00e4ndig:<\/p>\n\n\n\n<ul class=\"wp-block-list\">\n<li>Wer angreift, h\u00e4ngt davon ab, <strong>wer gerade besser positioniert<\/strong><\/li>\n\n\n\n<li>Wer verteidigt, muss ggf. in Sekundenbruchteilen <strong>zum Tor zur\u00fcckeilen<\/strong>, um Gegentore zu verhindern.<\/li>\n<\/ul>\n\n\n\n<p>Gute Teams beherrschen den <strong>flie\u00dfenden \u00dcbergang<\/strong> zwischen Angriff und Verteidigung.<\/p>\n\n\n\n<hr class=\"wp-block-separator has-alpha-channel-opacity\"\/>\n\n\n\n<h3 class=\"wp-block-heading has-text-align-center\"><span style=\"color: #0000ff;\">Taktisches Verst\u00e4ndnis<\/span><\/h3>\n\n\n\n<p>Da nur zwei Spieler auf dem Feld sind, ist <strong>jede Positionierung entscheidend<\/strong>:<\/p>\n\n\n\n<ul class=\"wp-block-list\">\n<li>Wer steht vorne, wer sichert hinten ab?<\/li>\n\n\n\n<li>Wann lohnt sich ein Angriff, wann ein R\u00fcckpass?<\/li>\n<\/ul>\n\n\n\n<p>Viele Teams entwickeln eigene <strong>Spielz\u00fcge<\/strong> und <strong>Abl\u00e4ufe<\/strong>, \u00e4hnlich wie im Basketball oder Handball.<\/p>\n\n\n\n<hr class=\"wp-block-separator has-alpha-channel-opacity\"\/>\n\n\n\n<h3 class=\"wp-block-heading has-text-align-center\"><span style=\"color: #0000ff;\">Abwehr im Team<\/span><\/h3>\n\n\n\n<p>In der Defensive arbeiten beide Spieler zusammen:<\/p>\n\n\n\n<ul class=\"wp-block-list\">\n<li>Einer steht meist etwas weiter hinten (n\u00e4her am Tor),<\/li>\n\n\n\n<li>der andere versucht, den Ballf\u00fchrenden zu st\u00f6ren oder P\u00e4sse zu blocken.<\/li>\n<\/ul>\n\n\n\n<hr class=\"wp-block-separator has-alpha-channel-opacity\"\/>\n\n\n\n<h3 class=\"wp-block-heading has-text-align-center\"><span style=\"color: #0000ff;\">Angriffsspiel &amp; Passspiel<\/span><\/h3>\n\n\n\n<p>Erfolgreiche Teams nutzen:<\/p>\n\n\n\n<ul class=\"wp-block-list\">\n<li><strong>pr\u00e4zise P\u00e4sse<\/strong> mit dem Vorderrad,<\/li>\n\n\n\n<li>gezielte Positionswechsel, um den Gegner zu verwirren,<\/li>\n\n\n\n<li>und schnelle Abschl\u00fcsse.<\/li>\n<\/ul>\n\n\n\n<p>Oft geht ein Angriff mit einem <strong>Kombinationsspiel<\/strong> einher \u2013 z.\u202fB. Pass \u2192 Stellungswechsel \u2192 R\u00fcckpass \u2192 Torschuss.<\/p>\n\n\n\n<hr class=\"wp-block-separator has-alpha-channel-opacity\"\/>\n\n\n\n<h3 class=\"wp-block-heading has-text-align-center\"><span style=\"color: #0000ff;\">Teamchemie &amp; Eingespieltheit<\/span><\/h3>\n\n\n\n<p>Gute Teams zeichnen sich durch eine <strong>intuitive Abstimmung<\/strong> aus:<\/p>\n\n\n\n<ul class=\"wp-block-list\">\n<li>Man \u201ewei\u00df\u201c, was der Mitspieler tut, ohne st\u00e4ndig zu reden.<\/li>\n\n\n\n<li>Das kommt nur durch <strong>viel gemeinsames Training und Spielpraxis<\/strong>.<\/li>\n<\/ul>\n\n\n\n<hr class=\"wp-block-separator has-alpha-channel-opacity\"\/>\n\n\n\n<h3 class=\"wp-block-heading has-text-align-center\"><span style=\"color: #ff0000;\">Fazit:<\/span><\/h3>\n\n\n\n<p class=\"has-text-align-center\"><strong><span style=\"color: #ff0000;\">Radball ist kein Einzelsport auf zwei R\u00e4dern \u2013 <\/span><\/strong><br><strong><span style=\"color: #ff0000;\">es ist ein intensives, taktisches und extrem koordiniertes Teamspiel<\/span><\/strong>, <br>bei dem zwei Spieler in perfektem Einklang agieren m\u00fcssen, um erfolgreich zu sein.<\/p>\n\n\n\n<figure class=\"wp-block-embed is-type-video is-provider-youtube wp-block-embed-youtube wp-embed-aspect-16-9 wp-has-aspect-ratio\"><div class=\"wp-block-embed__wrapper\">\n<iframe loading=\"lazy\" title=\"Best scenes Radball \/ Cycleball\" width=\"640\" height=\"360\" src=\"https:\/\/www.youtube.com\/embed\/H6kmK5feSZk?feature=oembed\" frameborder=\"0\" allow=\"accelerometer; autoplay; clipboard-write; encrypted-media; gyroscope; picture-in-picture; web-share\" referrerpolicy=\"strict-origin-when-cross-origin\" allowfullscreen><\/iframe>\n<\/div><\/figure>\n","protected":false},"excerpt":{"rendered":"<p>Das Teamspiel im Radball ist zentral f\u00fcr den Erfolg \u2013 obwohl nur zwei Spieler pro&#8230;<\/p>\n","protected":false},"author":1,"featured_media":0,"parent":3059,"menu_order":0,"comment_status":"closed","ping_status":"closed","template":"","meta":{"footnotes":""},"class_list":["post-2896","page","type-page","status-publish","hentry"],"_links":{"self":[{"href":"https:\/\/www.soli-bischberg.de\/index.php?rest_route=\/wp\/v2\/pages\/2896","targetHints":{"allow":["GET"]}}],"collection":[{"href":"https:\/\/www.soli-bischberg.de\/index.php?rest_route=\/wp\/v2\/pages"}],"about":[{"href":"https:\/\/www.soli-bischberg.de\/index.php?rest_route=\/wp\/v2\/types\/page"}],"author":[{"embeddable":true,"href":"https:\/\/www.soli-bischberg.de\/index.php?rest_route=\/wp\/v2\/users\/1"}],"replies":[{"embeddable":true,"href":"https:\/\/www.soli-bischberg.de\/index.php?rest_route=%2Fwp%2Fv2%2Fcomments&post=2896"}],"version-history":[{"count":3,"href":"https:\/\/www.soli-bischberg.de\/index.php?rest_route=\/wp\/v2\/pages\/2896\/revisions"}],"predecessor-version":[{"id":3947,"href":"https:\/\/www.soli-bischberg.de\/index.php?rest_route=\/wp\/v2\/pages\/2896\/revisions\/3947"}],"up":[{"embeddable":true,"href":"https:\/\/www.soli-bischberg.de\/index.php?rest_route=\/wp\/v2\/pages\/3059"}],"wp:attachment":[{"href":"https:\/\/www.soli-bischberg.de\/index.php?rest_route=%2Fwp%2Fv2%2Fmedia&parent=2896"}],"curies":[{"name":"wp","href":"https:\/\/api.w.org\/{rel}","templated":true}]}}